w(-3).
-2
Let b(z) = -z**2 + 4*z + 8. Suppose y = 3, 2*v - y + 6*y = 19. Suppose j - 8 + v = 0. Calculate b(j).
-4
Let a(u) = u - 2. Let w = -4 + 14. Suppose 4*r + 12 = -2*l, r + w = 3*l - 0*r. Suppose 2*n - n = -l. Determine a(n).
-4
Suppose 2*u = 4*x + 4, -3*x + 5*u = 6*u + 13. Let b(r) = -r - 1. Let z(q) = -1. Let w(h) = b(h) + 2*z(h). What is w(x)?
0
Let k = -3 + 2. Let s = k - -3. Let b(q) = 2*q**2 - q - 2. Calculate b(s).
4
Let x(z) be the second derivative of -7*z**5/20 - z**4/12 + z**3/6 + z**2/2 - 3*z. Suppose 25 = j - 6*j. Let r = 4 + j. Determine x(r).
6
Suppose -5*l + l = -12. Let q be 24/42*(-14)/(-4). Let w(u) = -3*u + 1 + l*u**2 + u**2 - u**3 + u**q. What is w(4)?
5
Let j(q) = 12*q**2 - 2*q + 1. Let h(o) = -o**2 + 14*o + 1. Let d be h(14). Give j(d).
11
Let w(o) = -o - 1. Let m(v) = -v**3 + 5*v**2 - 4*v + 5. Let r(b) = m(b) - 2*w(b). Give r(5).
-3
Suppose 0 = 3*j - 7*j. Let i(u) = 2*u - 6. Let g(s) = -s + 3. Let f(v) = -7*g(v) - 3*i(v). Determine f(j).
-3
Let r(c) = c - 1. Let m(j) = -j**2 - 2*j - 3. Let k be m(-2). Calculate r(k).
-4
Let w be (35/(-15))/((-1)/3). Let b(m) = 4 - 2*m - m**2 + w*m + 1. Let l(x) = -x**3 + 4*x**2 + 7*x - 6. Let g be l(5). What is b(g)?
9
Let i(w) = -w**3 + w**2 - w + 1. Let k(d) = -3*d**3 + 12*d**2 - 13*d - 3. Let j(m) = 4*i(m) - k(m). Determine j(-9).
7
Let h = 4 + 0. Let j(v) = -v. Let y be j(h). Let i(u) = -11*u**2 - 5*u - 8. Let f(z) = 5*z**2 + 3*z + 4. Let w(m) = -9*f(m) - 4*i(m). What is w(y)?
8
Let t(x) be the third derivative of x**6/120 + x**5/15 - x**4/12 + 2*x**3/3 + 3*x**2. Give t(-4).
12
Let i = -9 + 23. Let n = 9 - i. Let l(b) be the third derivative of b**5/60 + b**4/4 - b**3/3 + 11*b**2. Calculate l(n).
-7
Let b(i) be the second derivative of 1/2*i**2 + i + 1/3*i**3 - 1/12*i**4 + 0. What is b(-1)?
-2
Let v(a) = a**2 - 3*a + 3. Let j = -2 - -4. Let y = 11 + -10. Let k be j/y - (-3 + 3). Give v(k).
1
Let n(y) = -7*y**2 + 11*y - 5. Let p(x) = 5*x**2 - 11*x + 4. Let w(m) = 3*n(m) + 4*p(m). Give w(-9).
19
Let i(d) = -6*d + 2. Suppose 10*w = 35 + 5. What is i(w)?
-22
Let n(z) be the second derivative of -z**4/12 - z**3/6 + 3*z**2/2 - z. Let g = -39 - -39. Give n(g).
3
Let q(s) = -s**3 + s**2 - 1. Let k(f) = -6*f + 0 - 8*f**2 + 2*f**3 + 2*f + 4 + 1. Let n(t) = k(t) + 3*q(t). Determine n(-4).
2
Let x(s) = -s**2 + 6*s + 1. Let k be x(6). Let w(g) be the first derivative of 1 - 3 + 0*g - 2*g**2 + g. What is w(k)?
-3
Let s(z) = 3*z**3 + 13*z**2 - 2*z + 10. Let o(y) = 2*y**3 + 9*y**2 - y + 7. Let r(g) = -8*o(g) + 5*s(g). What is r(-7)?
8
Let q(s) = s**2. Let x(n) = -n**3 + 11*n**2 - 7*n + 4. Let z(m) = -5*q(m) + x(m). Suppose 6 = 3*r, 3 = -5*l + 2*r - 11. Let a be l*(15/(-6) + 0). What is z(a)?
-6
Let r(z) = -5*z + 4. Let l be r(-4). Suppose 2*i - c - 12 = 0, -7 = 3*i - c - l. Let q(t) = -2*t + 8. Let a(b) = 1. Let m(u) = -4*a(u) + q(u). Calculate m(i).
-6
Let r be (5 - 5)/(-3*1). Let n(j) = r*j + 2*j - 4 - j. Calculate n(3).
-1
Suppose -5*q - 6 = -7*q. Let n(f) be the second derivative of f**3/6 + f**2/2 + 5*f. What is n(q)?
4
Let l(u) = 3*u + 2. Let o(n) = -2*n**2 + 30*n - 25. Let k be o(14). What is l(k)?
11
Suppose -h + 3 = -1. Let j(d) = -d**2 - d**3 - 8 + 0*d**2 + 5*d - h*d**2. Determine j(-6).
-2
Let a be (-2)/5 - (-114)/10. Suppose -5 = -4*l - 2*p + p, 4*l - a = p. Suppose l*m - 4*m = -6. Let s(q) = -q + 2. Determine s(m).
-1
Let r(p) = 4*p - 4. Let j(u) = -7*u + 7. Let d(i) = -3*j(i) - 5*r(i). Let w(g) = g**2 + g + 7 - g + 3*g. Let k(l) = 2*d(l) + w(l). What is k(-4)?
1
Let y = 5 + 4. Let d(v) = 7*v - 10. Let k(n) = -6*n + 9. Let w(i) = -5*d(i) - 6*k(i). Let q be w(y). Let s(m) = m**2 - 6*m + 3. Determine s(q).
-2
Let f(z) = -z + 1. Let g be f(-5). Let i(j) = -8 + j**2 - g*j + 0*j**2 + 3*j. Let u(q) = q**3 - 4*q**2 + 6. Let a be u(4). Calculate i(a).
10
Let o(n) be the second derivative of n**8/6720 + n**7/360 + 7*n**6/720 + n**5/120 + n**4/6 - 3*n. Let u(m) be the third derivative of o(m). Determine u(-6).
-5
Suppose 5*g - 22 = -b + 3*b, 3*g + 4*b - 8 = 0. Let l(t) = g + 2 - t - 5. Calculate l(0).
1
Let m(f) = f**3 - 5*f**2 + 6*f - 3. Let i be m(4). Let p(s) = -s**3 + 4*s**2 + 5*s - 4. Calculate p(i).
-4
Let w = 0 + -6. Let i(h) = -67*h**2 - 3*h**3 + 60*h**2 - 6*h + 2*h**3. Calculate i(w).
0
Let r(u) = -u**2 - 8*u + 13. Let g be r(-9). Suppose -s + g = 2. Let i(k) = -5*k + 1. Give i(s).
-9
Let q(f) = -6*f - 1. Suppose 0 = 2*p - 8 - 2. Let v = -6 + p. What is q(v)?
5
Let w = 23 - 12. Let m(g) = 5*g**3 + 3*g**2 - g - 3. Let y(u) = 9*u**3 + 5*u**2 - u - 6. Let t(c) = w*m(c) - 6*y(c). Give t(-4).
7
Let h be 1*10*1/2. Let r(j) = 3*j - 5. What is r(h)?
10
Let u(n) = -2*n**3 + 13*n**2 + 2*n - 3. Let q(o) = -o**3 + 6*o**2 + o - 1. Let m(p) = -9*q(p) + 4*u(p). Give m(3).
3
Let v(g) = g**3 + g - 1. Suppose 2 = 2*c - 2*d, 0 = -4*c + 2*d + 4 - 0. Calculate v(c).
1
Let n = -3 + 4. Let a be ((-12)/9)/((-4)/6). Let x = n + a. Let b(l) = -l**3 + 3*l**2 + l + 3. Give b(x).
6
Let q be ((-1)/((-6)/(-4)))/(2/6). Let v(g) = -4*g + 2. What is v(q)?
10
Let g(j) be the second derivative of -j**5/20 + j**4/3 + 2*j**3/3 + j. Let h(u) = -5*u - 25. Let a be h(-6). Determine g(a).
-5
Let i(q) = -q**2 - 3*q + 4. Let k(s) = 4*s + 1 - 2*s - s. Let t(b) = i(b) - 3*k(b). Let d(a) = -5*a**3 - a**2 + 2*a - 1. Let n be d(1). Give t(n).
6
Let g(z) = 3*z**2 - 3*z - 9. Let q(s) = -4*s**2 + 3*s + 10. Let p(x) = 3*g(x) + 2*q(x). Give p(7).
21
Let u be (-3 + 0/8)*(-5)/(-3). Let x(m) = -m - 7. Calculate x(u).
-2
Let i(v) = 2*v**2 - 2*v + 1. Let r(y) = 0*y + 201 - 206 + y. Suppose 0 = -n + 3 + 3. Let l be r(n). Calculate i(l).
1
Let f(c) = 9*c - 3 + 5*c - 4 - 13*c. Determine f(0).
-7
Let r(x) = -x - 2. Let d(m) = m**2 - 13*m - 51. Let s be d(16). Give r(s).
1
Suppose 2*s - 3*s - 17 = 3*p, p - 4*s = 16. Let l(h) be the third derivative of h**5/30 + h**4/4 + 15*h**2. Give l(p).
8
Let c(y) = -y**2 + 10*y - 12. Let v = 32 + -24. Give c(v).
4
Let a(o) = 9*o - 1. Let g(m) = -m**2 - 10*m - 11. Let s be g(-8). Suppose 3*c - 2 = -s. Determine a(c).
-10
Let p = -2 - -3. Let z(k) = -k**3 - 8*k**2 - k + 3. Let o be z(-8). Let g(s) = -2 - o*s - 2 + 5. Calculate g(p).
-10
Suppose -g - 4*s = -3*s - 9, -3*g = 2*s - 25. Let p(q) = -q**2 + 5*q + 3. Let b(c) = -c**2 + 4*c + 2. Let k(y) = 2*b(y) - 3*p(y). Determine k(g).
-5
Let m be -3 + (-4)/(-1) - -1. Let j(l) be the first derivative of 1 - 3*l**m + 6*l + 1/3*l**3. What is j(5)?
1
Suppose -5*d - o = -13, -3*d - 2 = 3*o - 5. Let r = -1 + 1. Let l(g) = -2 + r + 1 + 2*g. Calculate l(d).
5
Let y(n) be the second derivative of 0 + n + 2/5*n**5 - 1/2*n**2 + 1/3*n**3 - 1/6*n**4. Suppose -s - 3*t = 5, 2*s + 2*t = 2 - 4. What is y(s)?
7
Let l(w) be the first derivative of 2*w**3 - 3*w**2/2 + 2*w + 22. Give l(2).
20
Let m(i) = -i - i**3 + 0*i**2 + 4*i**3 - 1 + 7*i**2 - 2*i**3. Calculate m(-7).
6
Suppose 3*q + 6 + 3 = 0, 4*q = 3*u. Let c(x) = 2*x + 2. What is c(u)?
-6
Suppose -4*l = 5*u - 12, -5*u - 4 = l + l. Let a = -11 + l. Let d(y) = y**2 + 2*y + 3. Let s be d(a). Let c(k) = -k**3 + 6*k**2 + 2*k - 7. What is c(s)?
5
Let z(n) = n**2 - 10*n - 10. Suppose -w = -5*i + 51, -i = 3*w - 8*w - 15. What is z(i)?
-10
Suppose -2*n + 8 = -l, 14 = n - l - 2*l. Let j(k) = -3*k + n*k + 0*k + 6. Determine j(3).
3
Let w(r) = -r**2 + 25*r + 30. Let f be w(26). Let a(u) = -u**2 + u + 1. Let p(l) = l**3 - 7*l**2. Let h(t) = -4*a(t) + p(t). Determine h(f).
-4
Let p(k) = 2*k**2 - 3*k - 3. Let l = 7 + -4. What is p(l)?
6
Let r be (-18)/(-10) - 2/(-10). Let w be (3/(-3) - 0)*r. Let v(y) be the third derivative of -y**5/60 - y**4/12 - y**2. What is v(w)?
0
Let h(i) = -i**3 + 4*i**2 - 2*i + 4. Let v be h(4). Let o(t) = t - 5. Calculate o(v).
-9
Let g(z) = z. Let x(j) = -j**2 - 12*j + 6. Let u(d) = -3*g(d) - x(d). Calculate u(-10).
4
Suppose -4*x + 5 = -47. Let s = -9 + x. Let g(i) = i**2 - 4*i + 6. Calculate g(s).
6
Let o = 94 + -97. Let b(g) = g - 3. Calculate b(o).
-6
Let y(b) = -b + 12. Let f be y(11). Let v(t) = 10*t**3 + 4*t**2 - 3*t + 2. Let m(x) = -20*x**3 - 7*x**2 + 5*x - 3. Let g(i) = -3*m(i) - 5*v(i). Calculate g(f).
10
Let d(r) = r**2 + 1. Let k(j) = 2*j + 14. Let h be k(-10). Let b(m) = -3*m**2 - 6. Let y(f) = h*d(f) - b(f). Let w = 0 + -1. Calculate y(w).
-3
Suppose 0 = -3*w + w - 2*p + 18, 5*w = 4*p. Let o(z) = 